ppose -48 = -2*i - 5*k + 14, i = -5*k + 36. Let s be -65*16/(-320)*52*2. Calculate the greatest common divisor of i and s.
26
Let t = -48 + -438. Let h = -450 - t. Calculate the greatest common divisor of h and 84.
12
Let b be (24/(-14))/(62/42 - 411/274). What is the greatest common divisor of b and 3267?
9
Let u be 4/(-10) - (-177)/5. Let c be (-760)/(-57)*(450/20)/15. Calculate the highest common factor of c and u.
5
Let c(b) = -2*b + 1. Let l be c(-2). Suppose -4*g - 1450 = -l*s, 8*s - 5*g = 10*s - 613. What is the greatest common factor of 42 and s?
42
Let q = 3940 + -3885. Calculate the highest common factor of 1111 and q.
11
Let c be -1 + (-1915)/(-25) - 6/10. Let k be 200/c*(0 - (-144)/2). What is the greatest common divisor of k and 12?
12
Let u = 159 + -147. Let j be -6 + 1 - (-1313)/101. Calculate the highest common divisor of j and u.
4
Let t(g) = -g**3 - 28*g**2 - 219*g - 12. Let y be t(-9). Calculate the highest common divisor of 2415 and y.
105
Let t = 255 + -223. Let d be (-48)/(28/(-12) + 2). Calculate the greatest common factor of t and d.
16
Let o be -10*(-2)/5 - 2. Suppose o*a = 3 + 5. Suppose 0*y = 2*y + 5*h - 64, -4*h = -a*y + 100. What is the greatest common factor of y and 54?
27
Suppose -15*c - 374 + 554 = 0. What is the highest common factor of c and 582?
6
Suppose 0 = 7*k - 2*k - 55. Let u be (0 + -382)*2*2/(-4). Suppose 0 = -5*b - v + 220 + u, 4*b = -4*v + 472. Calculate the greatest common factor of b and k.
11
Suppose -4*i - 7*i - 176 = 0. Let w be (i/(-6))/((8/6)/(-2)). Let k be w/(-10) + 0 + (-1008)/(-80). What is the highest common factor of k and 91?
13
Let o be 117*(17/((-170)/12))/((-24)/1140). What is the greatest common divisor of o and 45?
9
Let g be (2 + -18)/((-3)/6). Suppose -3*p + 11 = d, -4*p - g = 2*d - 4*d. Suppose -2*x + d = -34. What is the greatest common factor of 264 and x?
24
Let h = 6415 + -6405. Suppose q - 607 + 2264 = 2*t, 0 = 5*t - 3*q - 4141. Calculate the greatest common divisor of t and h.
10
Suppose -f + 559 = 6*l, f + 49 + 322 = 4*l. Calculate the greatest common factor of l and 4619.
31
Let f be 18309/(-33) + ((-56)/44)/7. Let y = 1075 + f. What is the greatest common divisor of 40 and y?
40
Let c(k) = 4*k**2 - 61*k + 126. Let w be c(18). What is the highest common factor of 3402 and w?
162
Let o = -294 - -514. Suppose -9*n + 352 = -n. Calculate the greatest common factor of o and n.
44
Let d = 5599 + -4990. Calculate the highest common factor of 189 and d.
21
Suppose 0 = 10*i + 3565 - 425. Let d be 45/315 + i/(-7). Calculate the greatest common factor of d and 5.
5
Let b = 2539 + -1421. What is the greatest common divisor of b and 286?
26
Let a(z) = 9*z + 750. Let c be a(-41). What is the greatest common factor of c and 635?
127
Let j(o) = 3*o - 3. Let m be j(2). Suppose m*h = 2*v - 822, 0*v + 1234 = 3*v - 5*h. Suppose -3*c - v = -6*c. What is the greatest common divisor of c and 17?
17
Let b(z) = z**2 - 19*z - 18. Let g(d) = d**3 + 5*d**2 + 6*d + 93. Let p be g(-6). Let f be b(p). What is the greatest common factor of f and 16?
8
Let s be (-1002)/(-12)*4 - -10. What is the highest common factor of 8 and s?
8
Suppose -45457*h + 2368 = -45453*h. Calculate the highest common divisor of 368 and h.
16
Suppose -5*h = 3*m + 166, 2*m - 6*m + 2*h = 256. Let j = m - -65. Let d be 136/10 - 16/(-40) - j. Calculate the greatest common divisor of d and 121.
11
Suppose -5368*n + 421260 = -5284*n. What is the highest common factor of n and 2360?
295
Suppose -979 = -4*k + 1189. Suppose -28*c + k = -746. What is the highest common divisor of c and 322?
46
Suppose -7 = 5*i + 18. Let j(r) = -3*r. Let x be j(i). Let d = 14886 + -14883. What is the highest common factor of x and d?
3
Suppose 2*j = 2*a + 4, 7*a = 2*a + 3*j. Suppose -a*o = -12*o + 855. Calculate the greatest common factor of o and 19.
19
Suppose -305*o = -299*o - 126. Suppose 28*r - r = 189. What is the greatest common factor of r and o?
7
Let o(c) = 2*c**2 + 11*c + 8. Let m be o(-5). Suppose w + m*h = -2*h + 32, -2*w - 2*h + 32 = 0. Calculate the highest common divisor of w and 8.
4
Suppose -10*o - 294 = -12*o. Let b be (-1 + -1)*(-1890)/60. What is the greatest common factor of b and o?
21
Let x(d) = d + 4. Let r be x(-2). Suppose 4 = 11*v - 29. Suppose 0 = 7*m - v*m - n - 59, -2*n = -10. What is the highest common factor of m and r?
2
Let k(c) = c**3 + 4*c**2 - 2*c + 5. Let f be -2 - 1*(0 + 2). Let j = -1 - f. Let m be k(j). What is the greatest common factor of 93 and m?
31
Suppose 14*x + 21*x = 36*x - 1611. What is the highest common divisor of x and 27?
9
Suppose -4*r = -5*h + 1170, 2*h - 2*r = 3*r + 468. Calculate the highest common divisor of h and 2418.
78
Suppose -a - 2*a + 4*r = -20, 5*a - 10 = -5*r. Suppose -a = 3*m - 85. Let f = 35 - m. Calculate the highest common divisor of 56 and f.
8
Let u(n) = -8*n + 4. Let g be u(2). Let y be g/((2/(-4))/((-2)/(-3))). What is the greatest common factor of 208 and y?
16
Let o = -14375 - -14438. What is the greatest common divisor of 2114 and o?
7
Let j = -116 + 182. Let t be 225/(-50) + (-833)/14. Let s = j + t. What is the greatest common factor of s and 5?
1
Let l(y) = 5*y**2 - 125*y - 47. Let w be l(32). What is the greatest common divisor of 296 and w?
37
Let u = -6554 - -6843. What is the greatest common divisor of 272 and u?
17
Suppose 30*q = -26*q + 4*q + 4888. What is the highest common factor of 24863 and q?
47
Let o = -69 - -55. Let y(n) = n**3 + 17*n**2 + 42*n + 21. Let m be y(o). What is the highest common factor of 35 and m?
7
Suppose -26 = -4*x - 58. Let y = 12 + x. Calculate the greatest common factor of 20 and y.
4
Let v(i) = i**3 - 15*i**2 + 70*i + 42. Let j be v(15). Calculate the greatest common divisor of j and 108.
12
Let b = -4 + -2. Let m be (b/9)/((-1)/(-321)). Let f = m + 334. Calculate the greatest common factor of f and 24.
24
Let d(x) = -3*x**2 - 21*x - 45. Let p(z) = -10*z**2 - 64*z - 136. Let y(h) = -7*d(h) + 2*p(h). Let u be y(-2). What is the greatest common factor of u and 873?
9
Suppose -1203*c = -1202*c - 78 - 63. Calculate the greatest common factor of 52029 and c.
141
Let p(f) = -41*f + 16. Let t be p(-5). Suppose 38*k + t - 6035 = 0. What is the highest common factor of k and 17?
17
Suppose -9*g + 85 = -644. What is the greatest common divisor of 891 and g?
81
Let y(c) = -8*c + 352. Let t(j) = 3*j - 118. Let k(o) = 11*t(o) + 4*y(o). Let l be k(-6). Calculate the highest common factor of 26 and l.
26
Let g be 36/(-84) + (1 - 76032/(-77)). What is the highest common factor of 832 and g?
52
Let c = 88 - 55. Let d = -38 + c. Let u be ((-3125)/(-10))/d*12/(-10). Calculate the greatest common divisor of u and 30.
15
Let m = -125 + 294. Let c be 13/((135/(-30))/(9/(-2))). What is the highest common divisor of c and m?
13
Let x = 38 + -36. Let d(w) = w + 1. Let q be d(x). Suppose -f + q*s + 10 = 0, 3*f - 2*s = 37 + 28. Calculate the greatest common factor of 25 and f.
25
Let z(t) = t**3 - 24*t**2 - 211*t + 34. Let o be z(31). Calculate the greatest common divisor of o and 1144.
44
Let b be (40/(-30))/(4/(-42)). Suppose -14 = -2*u - 5*f + b, -2*u = -4*f - 10. Calculate the greatest common divisor of u and 21.
3
Suppose 3*s - 19449 = -5*v, -v + 13*s + 3897 = 16*s. Calculate the greatest common factor of 16 and v.
16
Let a = -3146 + 3206. Let w = -10 - -8. Let u be ((-15)/w)/(18/96). Calculate the highest common divisor of a and u.
20
Suppose 0 = -338*c + 24570 + 30186. Calculate the highest common factor of c and 1008.
18
Suppose x = -92*g + 94*g + 140, -2*x + 277 = -5*g. What is the highest common factor of x and 26?
2
Let g be 29*(-3)/(-27) + 8/(-36). Suppose -5*q + g*q + 29 = -b, -5*q + 4*b = -74. What is the greatest common factor of 364 and q?
14
Let a = 272 + -245. Let c = -10 + 28. Calculate the greatest common factor of a and c.
9
Let h be ((-11 + -13)/8)/(((-18)/(-320))/(-3)). What is the highest common factor of 272 and h?
16
Let h(m) = 2*m**2 - 12*m + 18. Let a(s) = -s**2 + 12*s - 19. Let d(q) = -3*a(q) - 2*h(q). Let g be d(-9). What is the highest common divisor of g and 168?
24
Suppose -4 = -y, 4*z + 3*y = -0*y + 60. Suppose -8*w = -2*w - z. Let p be (-70)/(-5 - -7 - (1 + w)). What is the greatest common factor of 10 and p?
10
Let b = 15 - 